{"id":3291,"date":"2021-04-13T10:42:12","date_gmt":"2021-04-13T10:42:12","guid":{"rendered":"https:\/\/preview.tutorlms.com\/marketplace\/?page_id=3291"},"modified":"2024-03-04T00:32:53","modified_gmt":"2024-03-04T00:32:53","slug":"about-us","status":"publish","type":"page","link":"https:\/\/openlab.com.ar\/evo\/about-us\/","title":{"rendered":"About Us"},"content":{"rendered":"\t\t<div data-elementor-type=\"wp-page\" data-elementor-id=\"3291\" class=\"elementor elementor-3291\" data-elementor-post-type=\"page\">\n\t\t\t\t<div class=\"elementor-element elementor-element-647734fe e-flex e-con-boxed e-con e-parent\" data-id=\"647734fe\" data-element_type=\"container\" data-e-type=\"container\">\n\t\t\t\t\t<div class=\"e-con-inner\">\n\t\t\t\t<div class=\"elementor-element elementor-element-0f87d3d elementor-widget elementor-widget-text-editor\" data-id=\"0f87d3d\" data-element_type=\"widget\" data-e-type=\"widget\" data-widget_type=\"text-editor.default\">\n\t\t\t\t<div class=\"elementor-widget-container\">\n\t\t\t\t\t\t\t\t\t<p><span style=\"color: #57586e; font-family: Inter, sans-serif;\">\u00a0<\/span><\/p>\n<div class=\"wp-block-qubely-heading qubely-block-fb4613\">\n<div class=\"qubely-block-heading \">\n<div class=\"qubely-heading-container\">\n<h2 class=\"qubely-heading-selector\"><strong>\u00bfPor qu\u00e9 Openlab?<\/strong><\/h2>\n<\/div>\n<\/div>\n<\/div>\n<p><span style=\"color: #57586e; font-family: Inter, sans-serif;\">\u00a0 \u00a0 \u00a0 \u00a0Openlab es una empresa de tecnolog\u00eda y comunicaci\u00f3n, fundada por dos socios con una amplia experiencia en sus respectivos campos. Por un lado, Federico Art\u00fas y Sianetwork respalda el conocimiento con a\u00f1os de experiencia como perito inform\u00e1tico y experto en ciberseguridad, aportando un profundo conocimiento en la resoluci\u00f3n de problemas tecnol\u00f3gicos y en la seguridad inform\u00e1tica, garantizando que Openlab y Sianetwork est\u00e9 a la vanguardia en la protecci\u00f3n de datos y sistemas. Por otro lado, Luis Galeano, licenciado en Publicidad, con experiencia en comunicaci\u00f3n y publicidad, aporta una perspectiva creativa y estrat\u00e9gica para posicionar a Openlab como l\u00edder en su sector. Juntos, fusionan sus conocimientos y habilidades para ofrecer soluciones innovadoras en el \u00e1mbito de la tecnolog\u00eda y la comunicaci\u00f3n, brindando a sus clientes un servicio integral que combina la excelencia t\u00e9cnica con la creatividad y el compromiso.<\/span><\/p>\t\t\t\t\t\t\t\t<\/div>\n\t\t\t\t<\/div>\n\t\t\t\t<div class=\"elementor-element elementor-element-3a385849 elementor-widget elementor-widget-text-editor\" data-id=\"3a385849\" data-element_type=\"widget\" data-e-type=\"widget\" data-widget_type=\"text-editor.default\">\n\t\t\t\t<div class=\"elementor-widget-container\">\n\t\t\t\t\t\t\t\t\t<p><a href=\"https:\/\/openlab.com.ar\/evo\/wp-content\/uploads\/2024\/01\/SPLASH-2732-3.png\"><img fetchpriority=\"high\" decoding=\"async\" class=\"alignnone size-medium wp-image-20\" src=\"https:\/\/openlab.com.ar\/evo\/wp-content\/uploads\/2024\/01\/SPLASH-2732-3-300x254.png\" alt=\"\" width=\"300\" height=\"254\" srcset=\"https:\/\/openlab.com.ar\/evo\/wp-content\/uploads\/2024\/01\/SPLASH-2732-3-300x254.png 300w, https:\/\/openlab.com.ar\/evo\/wp-content\/uploads\/2024\/01\/SPLASH-2732-3-600x507.png 600w, https:\/\/openlab.com.ar\/evo\/wp-content\/uploads\/2024\/01\/SPLASH-2732-3-1024x865.png 1024w, https:\/\/openlab.com.ar\/evo\/wp-content\/uploads\/2024\/01\/SPLASH-2732-3-768x649.png 768w, https:\/\/openlab.com.ar\/evo\/wp-content\/uploads\/2024\/01\/SPLASH-2732-3-1536x1298.png 1536w, https:\/\/openlab.com.ar\/evo\/wp-content\/uploads\/2024\/01\/SPLASH-2732-3-2048x1731.png 2048w\" sizes=\"(max-width: 300px) 100vw, 300px\" \/><\/a><\/p>\t\t\t\t\t\t\t\t<\/div>\n\t\t\t\t<\/div>\n\t\t<div class=\"elementor-element elementor-element-2b9e1f1 e-flex e-con-boxed e-con e-child\" data-id=\"2b9e1f1\" data-element_type=\"container\" data-e-type=\"container\">\n\t\t\t\t\t<div class=\"e-con-inner\">\n\t\t\t\t\t<\/div>\n\t\t\t\t<\/div>\n\t\t\t\t\t<\/div>\n\t\t\t\t<\/div>\n\t\t\t\t<\/div>\n\t\t","protected":false},"excerpt":{"rendered":"<p>\u00a0 \u00bfPor qu\u00e9 Openlab? \u00a0 \u00a0 \u00a0 \u00a0Openlab es una empresa de tecnolog\u00eda y comunicaci\u00f3n, fundada por dos<\/p>\n","protected":false},"author":2,"featured_media":0,"parent":0,"menu_order":0,"comment_status":"closed","ping_status":"closed","template":"","meta":{"qubely_global_settings":"","qubely_interactions":"","_tutorstarter_page_metadata":[],"footnotes":""},"class_list":["post-3291","page","type-page","status-publish","hentry"],"jetpack_sharing_enabled":true,"_links":{"self":[{"href":"https:\/\/openlab.com.ar\/evo\/wp-json\/wp\/v2\/pages\/3291","targetHints":{"allow":["GET"]}}],"collection":[{"href":"https:\/\/openlab.com.ar\/evo\/wp-json\/wp\/v2\/pages"}],"about":[{"href":"https:\/\/openlab.com.ar\/evo\/wp-json\/wp\/v2\/types\/page"}],"author":[{"embeddable":true,"href":"https:\/\/openlab.com.ar\/evo\/wp-json\/wp\/v2\/users\/2"}],"replies":[{"embeddable":true,"href":"https:\/\/openlab.com.ar\/evo\/wp-json\/wp\/v2\/comments?post=3291"}],"version-history":[{"count":14,"href":"https:\/\/openlab.com.ar\/evo\/wp-json\/wp\/v2\/pages\/3291\/revisions"}],"predecessor-version":[{"id":4096,"href":"https:\/\/openlab.com.ar\/evo\/wp-json\/wp\/v2\/pages\/3291\/revisions\/4096"}],"wp:attachment":[{"href":"https:\/\/openlab.com.ar\/evo\/wp-json\/wp\/v2\/media?parent=3291"}],"curies":[{"name":"wp","href":"https:\/\/api.w.org\/{rel}","templated":true}]}}